lculate the remainder when 3444497 is divided by 246.
5
What is the remainder when 6011120 is divided by 6010824?
296
Calculate the remainder when 100673 is divided by 99665.
1008
Calculate the remainder when 3426377 is divided by 108.
77
Calculate the remainder when 33964459 is divided by 101.
78
What is the remainder when 18422431 is divided by 60?
31
What is the remainder when 480932414 is divided by 9814947?
11
What is the remainder when 2393326 is divided by 68?
66
What is the remainder when 22647 is divided by 150?
147
Calculate the remainder when 47294977 is divided by 28.
9
Calculate the remainder when 4674645 is divided by 1558196.
57
Calculate the remainder when 1719320991 is divided by 8.
7
Calculate the remainder when 37943484 is divided by 62613.
6
What is the remainder when 131468394 is divided by 1534?
1526
What is the remainder when 1422356 is divided by 1421986?
370
What is the remainder when 19233 is divided by 2479?
1880
Calculate the remainder when 120593 is divided by 988.
57
What is the remainder when 19776804 is divided by 12037?
13
Calculate the remainder when 10569345 is divided by 66473.
138
Calculate the remainder when 23951 is divided by 58.
55
Calculate the remainder when 405498939 is divided by 44.
43
Calculate the remainder when 787008 is divided by 363.
24
What is the remainder when 42121 is divided by 620?
581
What is the remainder when 3898073 is divided by 4538?
4469
Calculate the remainder when 183543 is divided by 82.
27
What is the remainder when 10871166 is divided by 2464?
2462
Calculate the remainder when 8995784 is divided by 612.
608
Calculate the remainder when 36319 is divided by 5122.
465
Calculate the remainder when 4928259 is divided by 241.
50
What is the remainder when 866456 is divided by 12397?
11063
What is the remainder when 37022959 is divided by 130?
129
Calculate the remainder when 21130544 is divided by 992.
944
What is the remainder when 20857711 is divided by 72929?
17
Calculate the remainder when 50720724 is divided by 233736.
12
Calculate the remainder when 26604643 is divided by 13.
0
What is the remainder when 6438 is divided by 92?
90
What is the remainder when 367844812 is divided by 26?
10
What is the remainder when 2228516 is divided by 141?
11
What is the remainder when 6881608 is divided by 2039?
2022
Calculate the remainder when 15809511 is divided by 5269834.
9
What is the remainder when 358608 is divided by 11943?
318
Calculate the remainder when 112653 is divided by 22524.
33
What is the remainder when 204160 is divided by 1317?
25
Calculate the remainder when 36942 is divided by 18453.
36
What is the remainder when 3995850 is divided by 58?
56
Calculate the remainder when 16744537 is divided by 5581352.
481
What is the remainder when 4184972 is divided by 416?
12
Calculate the remainder when 39956 is divided by 1338.
1154
Calculate the remainder when 15190212 is divided by 442.
440
Calculate the remainder when 11946666 is divided by 543018.
270
Calculate the remainder when 203017 is divided by 33826.
61
What is the remainder when 188229 is divided by 2208?
549
Calculate the remainder when 181351663 is divided by 1173.
1171
What is the remainder when 1791812 is divided by 1791801?
11
Calculate the remainder when 29181464 is divided by 7.
4
Calculate the remainder when 5065138 is divided by 211042.
130
Calculate the remainder when 67278 is divided by 33076.
1126
Calculate the remainder when 12627066 is divided by 919.
6
Calculate the remainder when 4679529 is divided by 584937.
33
What is the remainder when 40095 is divided by 7961?
290
What is the remainder when 368924 is divided by 295?
174
What is the remainder when 5256305 is divided by 383?
13
What is the remainder when 108678899 is divided by 7711?
65
What is the remainder when 4335990 is divided by 394180?
10
What is the remainder when 495894 is divided by 2181?
807
Calculate the remainder when 3230118 is divided by 807257.
1090
Calculate the remainder when 17381639 is divided by 6819.
8
Calculate the remainder when 1063693 is divided by 3503.
2284
What is the remainder when 1436281 is divided by 858?
847
Calculate the remainder when 333550 is divided by 310.
300
Calculate the remainder when 50821 is divided by 3174.
37
What is the remainder when 7396346 is divided by 30?
26
What is the remainder when 1176187 is divided by 165?
67
What is the remainder when 2621752 is divided by 2314?
2304
What is the remainder when 66664130 is divided by 88?
82
What is the remainder when 63360 is divided by 1770?
1410
Calculate the remainder when 19321271 is divided by 1210.
1201
What is the remainder when 193268 is divided by 190043?
3225
What is the remainder when 16887 is divided by 891?
849
Calculate the remainder when 768386 is divided by 109763.
45
Calculate the remainder when 3056885 is divided by 3683.
3678
What is the remainder when 5024293 is divided by 1185?
1078
What is the remainder when 4043057 is divided by 808600?
57
What is the remainder when 27266 is divided by 8584?
1514
Calculate the remainder when 3938127 is divided by 1612.
11
What is the remainder when 3608101 is divided by 450996?
133
What is the remainder when 376954 is divided by 6179?
35
Calculate the remainder when 12101362 is divided by 44.
42
What is the remainder when 585641 is divided by 172?
153
Calculate the remainder when 400635 is divided by 200197.
241
Calculate the remainder when 468077 is divided by 535.
487
Calculate the remainder when 14663 is divided by 12842.
1821
What is the remainder when 3638929 is divided by 82702?
41
Calculate the remainder when 925222 is divided by 231297.
34
What is the remainder when 763454985 is divided by 4434?
4431
Calculate the remainder when 145043 is divided by 309.
122
Calculate the remainder when 6135749 is divided by 2727.
2726
What is the remainder when 376809 is divided by 376751?
58
What is the remainder when 1317337 is divided by 29?
12
Calculate the remainder when 6264945 is divided by 1044156.
9
Calculate the remainder when 192790 is divided by 3219.
2869
Calculate the remainder when 2126267 is divided by 10372.
7
What is the remainder when 4972396 is divided by 13?
0
What is the remainder when 6945 is divided by 2300?
45
What is the remainder when 13020771 is divided by 13020748?
23
Calculate the remainder when 572112 is divided by 474.
468
Calculate the remainder when 1943560 is divided by 23698.
324
Calculate the remainder when 450736 is divided by 41.
23
Calculate the remainder when 248279 is divided by 17256.
6695
Calculate the remainder when 40966829 is divided by 294.
281
Calculate the remainder when 385614 is divided by 315.
54
What is the remainder when 2633937 is divided by 3545?
2
Calculate the remainder when 21595 is divided by 9944.
1707
What is the remainder when 30403154 is divided by 430?
4
What is the remainder when 3829535 is divided by 72?
71
Calculate the remainder when 313454 is divided by 2509.
2338
Calculate the remainder when 360650 is divided by 47.
19
Calculate the remainder when 5677290 is divided by 946144.
426
What is the remainder when 63348406 is divided by 393?
343
Calculate the remainder when 879606 is divided by 303.
300
Calculate the remainder when 7036952 is divided by 1322.
1268
Calculate the remainder when 95884 is divided by 7357.
243
What is the remainder when 21173 is divided by 168?
5
What is the remainder when 20049197 is divided by 2171?
12
What is the remainder when 72902130 is divided by 619?
24
What is the remainder when 575756630 is divided by 7780495?
0
What is the remainder when 15935306 is divided by 269?
15
Calculate the remainder when 73198 is divided by 33010.
7178
Calculate the remainder when 1152629 is divided by 2670.
1859
What is the remainder when 1440300 is divided by 33495?
15
What is the remainder when 3110658 is divided by 61?
24
Calculate the remainder when 787991 is divided by 141.
83
What is the remainder when 68935 is divided by 1454?
597
Calculate the remainder when 45673 is divided by 285.
73
Calculate the remainder when 305853 is divided by 944.
941
What is the remainder when 297516 is divided by 1503?
1425
What is the remainder when 30728210 is divided by 247808?
18
Calculate the remainder when 636821 is divided by 1654.
31
